et d(r) = r**2 + 6*r + 1. Give d(f).
-4
Let v(t) = -t**3 - 87*t**2 - 2 - 3*t + 0*t**3 + 1 + 89*t**2 + 2*t. Suppose -2*b = -5*c, 3*b + c + 23 = -3*c. Let y = b + 7. Determine v(y).
-3
Let h(x) = -1. Let b(s) = -s + 4. Let z(n) = b(n) + 2*h(n). What is z(-3)?
5
Let b(u) = u + 2. Let j(w) = w**3 - 6*w**2 + 5*w + 3. Let i be j(5). Suppose -3*p = p - 2*t - 10, -5*p + 10 = -i*t. Give b(p).
7
Let h = -2 + 5. Suppose -4*q = l + h*l + 36, 4*l = 2*q - 12. Let t(c) = c + 11. Give t(l).
6
Let j(g) = g**3 + 3*g**2 - 10*g + 3. Let f be j(-5). Let s(u) = 4*u**2 + 0*u**2 + u + 3 - u**2 - u**3. What is s(f)?
6
Suppose 3 = 3*o - 6*o. Let j(l) be the second derivative of -l**3/3 + l**2/2 + 7*l. Determine j(o).
3
Let r(t) = 2*t - 8. Let g = 26 + -32. Determine r(g).
-20
Let f be ((-21)/9 - -1)*-3. Suppose 0 = f*s - 5*t + 8, 0*s = s + 5*t - 23. Let z = s - 8. Let n(a) = -a + 1. Give n(z).
6
Let m = 1 - -2. Let w(l) = 6*l + 12*l**m - 9*l**3 - 4 - 4*l**3 + 3*l**2. What is w(4)?
4
Let v(t) = t. Let h be v(0). Suppose -3*j + 12 - 30 = h. Let b be (-32)/(-14) - j/(-21). Let f(c) = c**2 + 1. Calculate f(b).
5
Let u be 3 + 72/30 + (-6)/(-10). Let w(m) = 2*m**2 - 8*m - 4. Calculate w(u).
20
Let w(j) = -10*j**2 - 2*j - 1. Let o(h) = -h**2 - 2*h + 7. Let k be o(-4). Determine w(k).
-9
Let t(i) = -i**3 - i**2 + 2*i + 2. Let m be t(-2). Let y(w) = 3 - w**3 - 3 + 2*w + 3*w**m + 0*w. Let a be (-3)/2*(-16)/6. What is y(a)?
-8
Let h(x) = -x**2 - x - 3. Suppose -4*s = 3*k - 4, 5*k + 3*s = -s + 4. Suppose -2*d + 0 = -3*q - 10, 2*d - 10 = k. Give h(q).
-3
Let v(q) = -9 + 11*q**2 + 5 + q**3 - 14*q**2. Give v(3).
-4
Let p(q) = 1 + 16*q**3 + 2*q**2 + q**2 + 4*q**3 - 2*q**2 + q. Calculate p(-1).
-19
Let i(u) = u - 8. Let o be i(10). Let d(p) = 0*p + 3 + p - 3 + o. Determine d(3).
5
Let s(q) = q**3 + 7*q**2 - q - 8. Let b be s(-7). Let h(w) = -3*w**3 - w**2. Give h(b).
2
Let b(f) be the first derivative of -1/2*f**2 - 2*f + 1. Let v be ((-4)/(-6))/((-2)/(-6)). Give b(v).
-4
Let b be 2/4*2/(-1). Let u(l) = 1 + l + l + 0*l + l**3. What is u(b)?
-2
Suppose z - 5*a + 40 = 4*z, a - 15 = -2*z. Let n(m) = -m**3 + 4*m**2 + 4*m - 6. Determine n(z).
-11
Let k(a) = 7 + 5*a - 11*a + 5*a + 7. Calculate k(0).
14
Let s(o) = -2*o**2 - o**3 + 3*o**3 - 5*o**2 - 3*o**3. What is s(-7)?
0
Let m = 4 + -4. Let a(p) = 3*p + 4 - p + m*p. Suppose -4*y - 2*t = -3*t + 23, -5*t + 40 = -5*y. What is a(y)?
-6
Let y(k) = k**2 + 4*k + 3. Let b(s) = -s**3 + s**2 + 3*s - 2. Let c be b(2). Suppose -3*m - 3*w = c, -2 = -m - 0*m - 2*w. Calculate y(m).
-1
Suppose -7*s + 2*s = 0. Let j(t) = t**3 + t**2 + t + 1. Let q(z) = 4*z**3 + 5*z**2 + 5*z + 1. Let d(g) = -5*j(g) + q(g). What is d(s)?
-4
Suppose 5*m = -2 - 3. Let q(p) = 6*p. Calculate q(m).
-6
Let c(k) = -2*k + 3. Let p be c(3). Let f(z) = 9*z**3 + 6*z**2 + 11*z + 3. Let t(n) = -4*n**3 - 3*n**2 - 5*n - 1. Let o(y) = p*f(y) - 7*t(y). Give o(-2).
-2
Let f(u) = 12 - 5*u - 3 - 3 - 4. Calculate f(-2).
12
Let z be 13/13*12/(2/1). Let g(r) be the second derivative of -r**5/20 + 7*r**4/12 - r**3 - r**2 - 4*r. Determine g(z).
-2
Let j be 1 - (-4 + 0/1). Let t be (-1)/(-1)*30/6. Suppose i + 2 = v, t*i - v = -j*v + 17. Let y(u) = -u**2 + 1. Give y(i).
0
Let p(n) be the third derivative of -n**4/24 - n**3/6 + n**2. Suppose 9*h + 30 = 3*h. Determine p(h).
4
Let s(p) = -p - 3. Let k(o) be the third derivative of -o**4/8 - o**3/2 - 4*o**2. Let a be k(-2). Calculate s(a).
-6
Let u = -17 - -17. Let r(b) = 6*b**2 - 5*b - 4 - b**3 + u*b**2 + b**2. Calculate r(6).
2
Let c = -2 - -7. Let h(i) = i**2 - 2*i + 1. Let b be h(3). Suppose -b*k + 1 = c*g + 13, -2*k = 6. Let n(s) = s + 7. Determine n(g).
7
Let g(p) = -31*p**2 + 31*p**2 + p**3 - 6 + p. Calculate g(0).
-6
Let h(r) be the first derivative of -r**3/3 + 5*r**2/2 - 5*r - 56. Calculate h(5).
-5
Let n(i) = i**3 - 7*i**2 + 3*i + 8. Let t be (-5 + 101)*(-1)/(-3). Let x = -26 + t. What is n(x)?
-10
Let x(t) = -3*t + 5. Let m(s) = -2*s + 6. Let n(v) = 4*m(v) - 3*x(v). Suppose 3*f - 10 = 3*z + 5*f, 4*f + 20 = -4*z. Calculate n(z).
9
Let a(o) = -3*o + 2. Let q(r) = r**2 - 9*r - 39. Let k be q(12). Give a(k).
11
Let a(o) = -o - 12. Let l be 10*((-2)/(-10) - 126/180). Calculate a(l).
-7
Let m(t) = t**2 + 12*t. Let q be m(-12). Let g(x) = -x**2 - 5. Let o(k) be the first derivative of -k**3 - 14*k - 1. Let j(n) = 7*g(n) - 2*o(n). What is j(q)?
-7
Suppose 4 = -3*n + n - 2*j, -3*n + 2*j = -19. Let l(s) = -s**3 + 3*s**2 + s - 2. Determine l(n).
1
Let c(t) = -t**3 + 3*t**2 - t + 2. Let i be c(2). Let a(j) = -j**2 + 4*j + 1. What is a(i)?
1
Let h(a) = -13*a**2 + a + 21. Let y(x) = -3*x**2 + 5. Let j(l) = 2*h(l) - 9*y(l). Give j(-3).
0
Let h(r) = r**2 - 4*r - 2. Suppose 0*y + 20 = 4*y. Determine h(y).
3
Let q(w) be the third derivative of 0 + 0*w - 1/20*w**5 - 5*w**2 + 1/120*w**6 - 1/3*w**4 + w**3. Calculate q(5).
16
Let o = -3 + 1. Let f(t) be the third derivative of 3*t**2 - 1/6*t**3 + 0*t + 0 - 1/4*t**4. What is f(o)?
11
Let n(x) = -x + 6*x - 5*x**3 + 0 + x**3 + 1. Let u(v) = 5*v**3 - v**2 - 6*v - 1. Let b(j) = -4*n(j) - 3*u(j). Let i = -3 - 0. What is b(i)?
5
Let b(f) = 2*f - 1. Let i be (-2)/10 - 32/(-10). Calculate b(i).
5
Let v(l) = -l**2 - 5*l + 5. Let o be v(-6). Let t(y) = -18 + 31 - 14 + 5*y. Calculate t(o).
-6
Let b(d) = -d**3 - 3*d**2 - 2*d - 1. Suppose 3*u - 8 - 31 = 0. Let p(z) = z - 16. Let k be p(u). Give b(k).
5
Let s(l) = -l**2 + l - 3. Let r be 34/51*9/2. What is s(r)?
-9
Let f(a) = -a**3 - 4*a**2 + 2*a + 6. Let y be 2 + (-24)/9 + (-60)/18. What is f(y)?
-2
Let k(j) = -3*j - 9. Let f(c) = -1. Let h(n) = 6*f(n) - k(n). Let s be (50/(-15))/((-2)/(-12)). Let p = s - -15. Determine h(p).
-12
Let s(h) be the third derivative of -h**6/120 + h**5/20 - h**4/24 - h**3/2 + 7*h**2. Calculate s(3).
-6
Let x(z) = -7*z**2 - 4*z**3 + 2*z**2 + 5*z**3. Let y = -10 + 15. Calculate x(y).
0
Let z(k) be the second derivative of -k**6/120 + k**5/12 - k**3/3 + 5*k**2 - 5*k. Let c(x) be the first derivative of z(x). Calculate c(5).
-2
Let u = -18 - -22. Suppose -5*z = u*q - 16, -5*z = -q + 2 - 23. Let v(n) = 8*n**2 - 1. Determine v(q).
7
Suppose 3*z + 4 = -h + 5*h, 5*h - 2 = 3*z. Let x(w) = -w + 5. Let o(g) = g - 6. Let r(t) = h*o(t) - 3*x(t). Give r(-3).
-6
Let o = 10 + -8. Let w(c) = 2*c**3 - 2*c**2 - 2. Give w(o).
6
Let t(x) = 2*x + 3. Let j(h) = h**2 - h + 3. Let y be j(0). Suppose 0 = -4*s + 17 + y. Let b = s - 7. Give t(b).
-1
Let h = 0 + 2. Let i = -19 + 20. Let q(p) = i + 0*p - 2*p - h. Calculate q(-1).
1
Let j(c) = -2*c + 2. Suppose 27 + 9 = 4*q. Let h = q + -1. Suppose 2*d = 6, -3*y = -h*y - 3*d - 11. What is j(y)?
10
Suppose 2*x + 2 = 12. Let s = x - 3. Let p(d) = -3 + 6*d**2 + d + s - 2*d**2. Give p(1).
4
Let l(p) = 88 - 2*p - 88. Let q(c) = 11*c. Let n(o) = 10*l(o) + 2*q(o). Determine n(-3).
-6
Let o(r) = -2*r**2 - 3 + 1 - r**3 + 2*r + 0*r**2 - 3. What is o(-4)?
19
Let c(m) = m - 5. Suppose 4*f + 5*r + 0 = 24, -r - 4 = 0. Let g(p) = -4*p + 26. Let z(x) = f*c(x) + 2*g(x). Calculate z(2).
3
Let j(q) = q**2 - 7*q - 4. Let r be 40/(-6)*(-78)/65. What is j(r)?
4
Let j(u) = 4 - u**2 + 0*u**2 + 0 + u. Let l be (1 - 3)*(-9)/6. Give j(l).
-2
Let a(o) be the second derivative of o**4/12 + o**3/6 - o**2/2 + o. Let h(x) = 5*x - 3*x + 3 - 12 - 3*x. Let t be h(-6). Calculate a(t).
5
Suppose -a - 16 = 5*p, 3*p - 5*a = 4*p + 8. Let c(f) = f**3 + f**2 - f + 3. What is c(p)?
-12
Let c(r) = 5*r**3 + 4*r**2 + 2. Let t(j) = -6*j**3 - 4*j**2 - j - 1. Let v(m) = 5*c(m) + 4*t(m). Give v(-5).
1
Let r(j) = -3*j**2 + j - 1. Let i be r(1). Let p be 3 - (1 - (-3 - i)). Let q(u) = 1 + 4*u**p + 0*u**2 + 2*u + 2*u**2. Calculate q(-1).
5
Suppose -4*l + 15 = -l. Suppose -4*w + l*w = 0. Let d(a) = a - 4. What is d(w)?
-4
Let b(z) = 4*z. Let g(c) = c**3 + 11*c**2 + c + 12. Let k be g(-11). Let d be -2*2*(-1)/k. Suppose d*x + 2 - 10 = 0. Calculate b(x).
8
Let h(w) = w**3 + 7*w**2 + 6*w - 5. Suppose -5*x - g = -3*g + 24, 3*g + 9 = 0. Give h(x).
-5
Suppose -15 = 10*i - 13*i. Let y(n) = -2*n**2 - 5*n**2 + 2 + i*n**2. Give y(-2).
-6
Let u(d) = 14 + 8 - 23 + 2*d. Let n = -4 + 6. Give u(n).
3
Let c(k) = -k + 5. Suppose 4*w - 2*m + 6 = 24, 5*w + 2*m = 18. Suppose -w*h = -8 - 4. Let g = h - -2. Calculate c(g).
0
Let o(x) = -2*x**2 - 2*x + 3. Let j = 31 + -21. Let y = j + -3. Let p be (-2